f y(-11).
2, 3
Let p = 23 - 19. What are the prime factors of (78/p)/((-2)/(-4))?
3, 13
Let z be 3/(-9) - (-74)/(-3). Let f = z - -46. What are the prime factors of f?
3, 7
Suppose 0*t + 4*t = 3*d + 48, -t + 4*d = -25. Let z be 3*(-6)/t - -40. Let y = z - 27. List the prime factors of y.
11
Let i(h) = h**2 + 6*h. Let v be i(-6). Let u = 12 + v. What are the prime factors of u?
2, 3
Suppose 4*v - 66 - 54 = 0. What are the prime factors of (v/25)/(3/10)?
2
Let k = -3 + 2. Let t = -25 + 28. What are the prime factors of (k/t)/(3/(-18))?
2
Suppose 5*r - 3*n + 18 = 0, 3*r - 5 + 27 = -n. Let t = r - -15. Suppose -3*g + 0*g + t = 0. List the prime factors of g.
3
Let q(b) = -b**3 + 8*b**2 - 6*b + 6. List the prime factors of q(5).
3, 17
Suppose 10 - 35 = 5*v. List the prime factors of 28 + v + (-6)/(-3).
5
Let a(u) = 2*u + u**2 - 4 + 2 - 4*u. Let z be a(5). Suppose 4*f - z = -1. List the prime factors of f.
3
Let a be 0/(1 + (-1 - -2)). Let l(x) = -5*x**2 + 5*x - 1 + 4*x**2 + a*x**2. What are the prime factors of l(2)?
5
Suppose 4*d - d + 4*l + 132 = 0, d + 3*l = -39. Let z = -32 - d. List the prime factors of z.
2
Let y(m) = m**3 + 7*m**2 + 10. Let n be y(-7). Suppose -3*j + 104 = -n. What are the prime factors of j?
2, 19
Let s = 557 - 311. List the prime factors of s.
2, 3, 41
Let i(x) = 7*x**3 - 3*x**2 - x + 3. What are the prime factors of i(2)?
3, 5
Let b = 6 - 6. Suppose b*d - 16 = -2*d. What are the prime factors of d?
2
Let m(p) = -4*p + 27. List the prime factors of m(6).
3
Let d(a) = 43*a**2 + 3*a - 3. Let p be d(2). Suppose -v - 35 = -5*r, v = -4*v - 4*r - p. What are the prime factors of (-10)/v - 47/(-7)?
7
List the prime factors of 2 - (-51 + 0) - -4.
3, 19
Let c(k) = k**3 - 9*k**2 + 4*k + 8. What are the prime factors of c(9)?
2, 11
Suppose -3 = 4*j + 1. Let q(l) be the first derivative of -5*l**2 - l + 2. What are the prime factors of q(j)?
3
Suppose 221 = g + 5*y, 90 - 699 = -3*g + 3*y. List the prime factors of g.
2, 103
Suppose -4*u = -6*u + 80. List the prime factors of u.
2, 5
Suppose -5*j + 3*z + 33 = 0, -j + 2*z + 0 = -1. Suppose -4*l - 5*g - 22 = 11, -l - g - 7 = 0. Let b = j - l. List the prime factors of b.
11
Let j(r) = -3*r**2 + 2*r - 3. Let g be j(-3). Let b(u) = -5*u**2 + 3*u + 5. Let i be b(-2). Let m = i - g. List the prime factors of m.
3, 5
Suppose 0 = 11*c - 8*c - 690. List the prime factors of c.
2, 5, 23
Let r = 55 + -26. List the prime factors of r.
29
Let d be 21/(-9) + (-1)/(-3). Let z = d - -5. Suppose -52 = z*m - 7*m. List the prime factors of m.
13
Let r(d) = 8*d**2 - 7*d + 3. Let q = -7 - -2. Let u(s) = s**2 - s. Let j(g) = q*u(g) + r(g). List the prime factors of j(2).
11
Let z(q) = q**3 + 5*q**2 + 2*q - 5. Let r be z(-4). Suppose -8 = r*i - 50. Let k = i - 8. What are the prime factors of k?
2, 3
Let x(r) = -r**2 - 7*r - 9. Let q be x(-10). Let m = q + 55. What are the prime factors of m?
2
Let f(a) = -a**3 - 3*a**2 - 11*a - 5. List the prime factors of f(-5).
2, 5
Suppose 5*f + a - 446 - 55 = 0, a = -2*f + 198. What are the prime factors of f?
101
Let w = -46 + 112. List the prime factors of w.
2, 3, 11
Let o(a) = 2*a + 3. Let v be o(3). Suppose 31 = 5*l + m - 14, v = l - 2*m. What are the prime factors of l?
3
Suppose -4*p = 3*j + 130, 0*p + 3*p = -5*j - 213. Let y = -24 - j. What are the prime factors of y?
2, 3
Suppose 3 = p - 1. Let y be 0 - (0 + p + -2). What are the prime factors of 9 + (-2)/(-2) + y?
2
Let r be ((-6)/(-12))/(1/6). Suppose -k - r*k = -80. List the prime factors of (16/k)/((-4)/(-10)).
2
List the prime factors of (0 - (-332)/12)*(3 + 6).
3, 83
Let j = -2 - -11. List the prime factors of ((-12)/j)/(6/(-63)).
2, 7
Let y be ((-8)/(-14))/(3/21). Suppose -2*f = -5*k - 1, 0 = 5*f - f + 3*k + 11. Let b = y - f. What are the prime factors of b?
2, 3
Suppose 5*v + s - 661 = 0, 2*s - 38 = -2*v + 228. List the prime factors of v.
2, 3, 11
Suppose 4*l + l - 20 = 0. Suppose -l*g + 8 = 3*u - 2*u, 4*u - 122 = 2*g. List the prime factors of u.
2, 7
Let q(u) be the first derivative of 11*u**2/2 + 2*u - 9. What are the prime factors of q(1)?
13
Let x(a) = 61*a**2. What are the prime factors of x(1)?
61
Suppose -2*w + 30 = -0*p + 4*p, 5*p + 2*w - 38 = 0. List the prime factors of p.
2
Let j = -17 - -32. What are the prime factors of j?
3, 5
Let t(y) be the first derivative of -y**2 - 6*y - 1. Suppose -4*k + 2*j = -k + 25, 4*j = -4*k - 20. What are the prime factors of t(k)?
2
Let y be (6/(-18))/((-2)/12). Suppose -3 = -y*b + 7. What are the prime factors of b?
5
Let m(x) be the first derivative of 2*x**3/3 + 3*x**2 + 5*x + 2. List the prime factors of m(-5).
5
Let v(p) = p**3 + 3*p**2 - 6*p - 6. Let r be v(-4). Let n be (-4)/(-1) - 0/r. Let m = 2 + n. What are the prime factors of m?
2, 3
Let a(o) = 17*o - 2. List the prime factors of a(1).
3, 5
Suppose 5*l - 13 = -2*v, v - l = -0*l + 3. Let x = v + 2. What are the prime factors of x/(-33) + 123/11?
11
Let f(n) = -50*n + 51*n - 2 + 3. What are the prime factors of f(6)?
7
Let m = -11 - -16. Suppose -m*l = -l - 144. List the prime factors of l.
2, 3
Suppose 3*b - 2 = -29. Let x(w) = -w**2 - 10*w - 3. Let g be x(b). Suppose -f + 4 = -4*m, 0 = 3*f + 5*m - 40 - g. What are the prime factors of f?
2, 3
Let j(r) = -3*r + 68. List the prime factors of j(22).
2
Let l(m) = m**3 + 4*m**2 - 4. Let s = 7 - 10. What are the prime factors of l(s)?
5
Let r = 13 - 8. Suppose 0 = -5*s + s + 5*o - 2, r*s - 18 = -4*o. List the prime factors of 3/3*(11 - s).
3
Suppose -19 = 4*k + 5*m - 79, 15 = k - 2*m. Suppose 3*c - k = -2*c. Suppose c*l - 8 = l. What are the prime factors of l?
2
Let w(a) = 5*a**3 + a**2 + 6. What are the prime factors of w(3)?
2, 3, 5
Let p = -44 - -43. Let c(q) be the third derivative of -q**6/30 + q**5/60 - q**3/6 - q**2. What are the prime factors of c(p)?
2
Let v = 16 + -1. Suppose -3*a - 5*d = -58, a - 21 - v = -5*d. What are the prime factors of a?
11
Let m = -4 - -34. What are the prime factors of m?
2, 3, 5
Let h(w) = -w**2 - 5*w - 2. Let s be h(-4). Suppose -s = -5*l + 38. What are the prime factors of l?
2
Suppose 4*k + 17 = 5*k + 3*s, -5*s + 19 = -3*k. What are the prime factors of 6/(-5)*k*-5?
2, 3
Let n(y) = 2*y**2 - 7*y - 10. What are the prime factors of n(-3)?
29
Let m(v) = 4*v**2 - 12*v**2 + v**3 + 6 + 0*v**3. List the prime factors of m(8).
2, 3
Suppose -2 = -5*t - 12, -124 = -4*m - 4*t. What are the prime factors of m?
3, 11
Suppose 0 = 3*i - z, 4*z - 12 + 0 = 0. List the prime factors of 21 + 3/i + 2.
2, 13
List the prime factors of -4 - (692/(-8))/((-5)/(-10)).
13
Let j(l) = 69*l**3 + l**2 - 1. List the prime factors of j(1).
3, 23
Suppose 4*u - 3*v = 195, -50 = 2*u - 3*u + 2*v. What are the prime factors of u?
2, 3
Suppose f = -5*q + 3*f + 14, -5*q + 4*f = -8. Suppose 2*h + 2*h - 14 = 3*v, 16 = q*h - 2*v. List the prime factors of (-2)/h + (-57)/(-5).
11
Suppose 3*x - 219 - 138 = 0. What are the prime factors of x?
7, 17
Let q = 20 - 17. Suppose -q*p = -p - 42. List the prime factors of p.
3, 7
Let q = -28 - -9. Let k = q + 30. What are the prime factors of k?
11
Let d(g) be the first derivative of -g**3/3 + 7*g**2/2 - 6*g - 2. Let v be d(6). Suppose v = -4*i - i + 70. List the prime factors of i.
2, 7
Suppose 4*q = -5*y + 14, -3 = -3*y - 4*q - 1. What are the prime factors of y?
2, 3
Let m = 0 - -2. Suppose -r = -o + 4*o - 10, 0 = m*o + 4*r + 10. Suppose 0 = -o*a - 4*s + 32, a - 2*a - 3*s = -2. List the prime factors of a.
2
Suppose -2*x = -5*x + 738. What are the prime factors of x?
2, 3, 41
Let j(t) = t**2 + 2*t - 3. Let k be j(3). Let q = 3 + k. List the prime factors of q.
3, 5
Let s(a) = 5*a**2. Let n be s(-2). Suppose -q - v = -9 - n, 5*q = 2*v + 117. Suppose -5*d + 0*d = p - q, -2 = p - 4*d. List the prime factors of p.
2, 5
Suppose -22 = -3*b + 5*f + 4, 2*b = -2*f - 4. Suppose 2 = 2*o, -b*o = 2*w - 1 - 1. Suppose w = -4*k + 3 + 13. What are the prime factors of k?
2
Let j = -21 + 12. Suppose -3*f - 2 = 16. Let b = f - j. List the prime factors of b.
3
Suppose 3*g + g = -h + 24, -4*g + 12 = -2*h. List the prime factors of 18/12 - (-90)/h.
2, 3
Let r(f) = -f + 16. Suppose -3*q = -2*s + 9, -4*s = -3*q - 19 - 8. Let j = s - 9. List the prime factors of r(j).
2
Let a(b) = -2*b**2 - 2*b + 19*b**2 - 1 + 4*b**2. What are t